d by 340.
0
What is the remainder when 2870 is divided by 2160?
710
What is the remainder when 6729 is divided by 105?
9
What is the remainder when 1921103 is divided by 32557?
240
What is the remainder when 4693753 is divided by 3608?
3353
What is the remainder when 92528 is divided by 8869?
3838
What is the remainder when 148952 is divided by 2276?
1012
Calculate the remainder when 17839842 is divided by 72226.
20
Calculate the remainder when 65229429 is divided by 159.
156
What is the remainder when 323773 is divided by 2456?
2037
Calculate the remainder when 2836978 is divided by 20264.
18
Calculate the remainder when 38659 is divided by 9446.
875
Calculate the remainder when 184803 is divided by 26343.
402
What is the remainder when 23186894 is divided by 3381?
3377
Calculate the remainder when 85350 is divided by 3234.
1266
Calculate the remainder when 39384 is divided by 2030.
814
What is the remainder when 16703 is divided by 2386?
1
Calculate the remainder when 14811032 is divided by 118.
26
Calculate the remainder when 2032636 is divided by 462.
298
What is the remainder when 36067 is divided by 3985?
202
Calculate the remainder when 17257245 is divided by 8628597.
51
What is the remainder when 2217184 is divided by 875?
809
What is the remainder when 19445 is divided by 620?
225
Calculate the remainder when 4647139 is divided by 361.
347
What is the remainder when 440561 is divided by 522?
515
What is the remainder when 12672645 is divided by 2890?
2885
Calculate the remainder when 6441870 is divided by 4895.
50
Calculate the remainder when 1058887 is divided by 40.
7
What is the remainder when 175786 is divided by 322?
296
Calculate the remainder when 14840273 is divided by 198.
173
Calculate the remainder when 780251 is divided by 4335.
4286
Calculate the remainder when 40547968 is divided by 6757988.
40
Calculate the remainder when 438368 is divided by 219169.
30
What is the remainder when 415682 is divided by 1258?
542
Calculate the remainder when 799722 is divided by 200.
122
What is the remainder when 402407 is divided by 187?
170
Calculate the remainder when 4640602 is divided by 22.
10
What is the remainder when 646189390 is divided by 3284?
3278
Calculate the remainder when 37606501 is divided by 1348.
1345
What is the remainder when 395340 is divided by 13632?
12
Calculate the remainder when 215016 is divided by 28.
4
What is the remainder when 29053458 is divided by 123?
120
Calculate the remainder when 1325070 is divided by 57.
48
Calculate the remainder when 27980216 is divided by 61.
4
What is the remainder when 305420 is divided by 656?
380
What is the remainder when 95537 is divided by 8636?
541
What is the remainder when 112246347 is divided by 930?
927
Calculate the remainder when 358451 is divided by 22402.
19
Calculate the remainder when 443743 is divided by 117.
79
Calculate the remainder when 40874415 is divided by 156.
75
Calculate the remainder when 478142399 is divided by 2130.
2129
What is the remainder when 1958443 is divided by 391687?
8
What is the remainder when 39333 is divided by 5022?
4179
What is the remainder when 1994988 is divided by 811?
739
What is the remainder when 45929 is divided by 11473?
37
Calculate the remainder when 8290802 is divided by 2800.
2
Calculate the remainder when 28234 is divided by 8450.
2884
What is the remainder when 95137 is divided by 30741?
2914
What is the remainder when 34110144 is divided by 68?
52
What is the remainder when 9152274 is divided by 2241?
30
Calculate the remainder when 107707 is divided by 53580.
547
What is the remainder when 46986 is divided by 11666?
322
Calculate the remainder when 2185713 is divided by 136606.
17
Calculate the remainder when 51981779 is divided by 239.
235
What is the remainder when 14902436 is divided by 1631?
1620
Calculate the remainder when 1601334 is divided by 533744.
102
What is the remainder when 5450106 is divided by 13?
12
What is the remainder when 363255 is divided by 454?
55
What is the remainder when 322237450 is divided by 2671?
2668
What is the remainder when 25674550 is divided by 2761?
11
Calculate the remainder when 60488 is divided by 1581.
410
What is the remainder when 13312 is divided by 1900?
12
Calculate the remainder when 42744985 is divided by 802.
791
What is the remainder when 416183 is divided by 5014?
21
What is the remainder when 1486077 is divided by 1925?
1902
Calculate the remainder when 18453499 is divided by 251.
230
What is the remainder when 495935117 is divided by 29?
27
What is the remainder when 2225362 is divided by 741674?
340
What is the remainder when 6984 is divided by 101?
15
What is the remainder when 17645410 is divided by 559?
16
Calculate the remainder when 16372049 is divided by 19773.
5
Calculate the remainder when 353702963 is divided by 1988.
1979
What is the remainder when 71636924 is divided by 221?
216
What is the remainder when 140544 is divided by 161?
152
Calculate the remainder when 2147389 is divided by 113.
50
What is the remainder when 770455 is divided by 3321?
3304
Calculate the remainder when 1506163 is divided by 376532.
35
What is the remainder when 596716 is divided by 8610?
2626
What is the remainder when 752334 is divided by 250716?
186
What is the remainder when 910977234 is divided by 26?
24
Calculate the remainder when 5100828 is divided by 345.
3
Calculate the remainder when 43764 is divided by 3757.
2437
Calculate the remainder when 7210 is divided by 2812.
1586
Calculate the remainder when 184925185 is divided by 28328.
1
Calculate the remainder when 708584 is divided by 44.
8
What is the remainder when 38525 is divided by 19067?
391
What is the remainder when 11263499 is divided by 2301?
104
Calculate the remainder when 784462 is divided by 12030.
2512
What is the remainder when 49004 is divided by 199?
50
Calculate the remainder when 307846 is divided by 23674.
84
Calculate the remainder when 241054 is divided by 3176.
2854
What is the remainder when 1095669 is divided by 2240?
309
Calculate the remainder when 414342 is divided by 891.
27
Calculate the remainder when 25664 is divided by 2175.
1739
Calculate the remainder when 55194693 is divided by 55194670.
23
What is the remainder when 140887 is divided by 1798?
643
What is the remainder when 535660 is divided by 9234?
88
What is the remainder when 116336 is divided by 247?
246
Calculate the remainder when 3760820 is divided by 8302.
14
What is the remainder when 2489005 is divided by 734?
11
What is the remainder when 94416 is divided by 11394?
3264
What is the remainder when 1890 is divided by 414?
234
What is the remainder when 7454175 is divided by 18?
15
What is the remainder when 1649695 is divided by 423?
418
What is the remainder when 296659 is divided by 41809?
3996
What is the remainder when 1227151 is divided by 281?
24
What is the remainder when 5443750 is divided by 5443740?
10
Calculate the remainder when 373864 is divided by 5717.
2259
What is the remainder when 43173 is divided by 14254?
411
What is the remainder when 62934728 is divided by 36?
32
What is the remainder when 4551466 is divided by 162552?
10
What is the remainder when 398509 is divided by 371?
55
What is the remainder when 4231963 is divided by 9?
1
Calculate the remainder when 11462924 is divided by 5769.
5690
What is the remainder when 601978 is divided by 2000?
1978
What is the remainder when 128306491 is divided by 518?
481
What is the remainder when 387653 is divided by 193730?
193
What is the remainder when 636848657 is divided by 20?
17
Calculate the remainder when 3943047 is divided by 2094.
45
What is the remainder when 5914282 is divided by 288?
202
What is the remainder when 146474 is divided by 608?
554
What is the remainder when 398399 is divided by 558?
545
What is the remainder when 1191703 is divided by 2972?
2903
What is the remainder when 139050 is divided by 3136?
1066
What is the remainder when 193457 is divided by 64446?
119
What is the remainder when 21361423 is divided by 49?
20
What is the remainder when 42201 is divided by 513?
135
Calculate the remainder when 488442 is divided by 24384.
762
Calculate the remainder when 19613985 is divided by 7161.
6
What is the remainder when 15561589 i